{"id":937,"date":"2016-03-10T11:30:44","date_gmt":"2016-03-10T11:30:44","guid":{"rendered":"http:\/\/quanticalabs.com\/wptest\/renovate\/?page_id=937"},"modified":"2023-07-26T15:49:39","modified_gmt":"2023-07-26T13:49:39","slug":"spezielles-2","status":"publish","type":"page","link":"https:\/\/betz-gebaeude-service.de\/index.php\/spezielles-2\/","title":{"rendered":"Spezielles"},"content":{"rendered":"<section class=\"wpb-content-wrapper\"><p>[vc_row][vc_column][vc_empty_space][vc_tta_tour][vc_tta_section title=&#8220;Gartenbau und Landschaftsbau&#8220; tab_id=&#8220;1584691704539-5318e767-98ae&#8220;][vc_column_text]<\/p>\n<h4 style=\"text-align: center;\"><strong>In Zusammenarbeit mit unserem Partnerbetrieb<\/strong><\/h4>\n<h4 style=\"text-align: center;\"><strong>\u201cGartenbau und Baumsachverst\u00e4ndiger Herrlinger\u201d aus Geislingen &#8211; T\u00fcrkheim<\/strong><\/h4>\n<h4 style=\"text-align: center;\"><strong>k\u00f6nnen wir Ihnen folgende Meisterleistungen zus\u00e4tzlich anbieten:<\/strong><\/h4>\n<p>&nbsp;<\/p>\n<p>&nbsp;<\/p>\n<p>&nbsp;<\/p>\n<h5><strong>Baumpflege<\/strong><\/h5>\n<ul>\n<li>Beratung<\/li>\n<li>Neupflanzung, Baumkontrolle, Baumgutachten, Baumkataster, Untersuchungen<\/li>\n<li>Fachlich richtige Baumpflege nach Baumart und evtl. Sch\u00e4den<\/li>\n<li>Ma\u00dfnahmen zur Baum- und Wurzelst\u00e4rkung<\/li>\n<li>Pflanzenschutz und F\u00e4llungen<\/li>\n<\/ul>\n<p>&nbsp;<\/p>\n<h5><strong>Stauden, Geh\u00f6lze und Rosen<\/strong><\/h5>\n<ul>\n<li>Beratung<\/li>\n<li>Neupflanzung, Nachpflanzung, Pflege<\/li>\n<li>Untersuchungen und Diagnosen<\/li>\n<li>Ma\u00dfnahmen zur Pflanzenst\u00e4rkung, Pflanzenschutz<\/li>\n<li>Rodungen<\/li>\n<\/ul>\n<p>&nbsp;<\/p>\n<h5><strong>Rasen<\/strong><\/h5>\n<ul>\n<li>Beratung, Neuansaat, Pflege<\/li>\n<li>Diagnose und Regeneration<\/li>\n<li>Pflanzenschutz<\/li>\n<\/ul>\n<p>&nbsp;<\/p>\n<h5><strong>Wildkrautbeseitigung\u00a0<\/strong><\/h5>\n<ul>\n<li>Beratung<\/li>\n<li>Mechanische Unterdr\u00fcckung und Beseitigung<\/li>\n<\/ul>\n<p>&nbsp;<\/p>\n<h5><strong>Hydrokultur\u00a0<\/strong><\/h5>\n<ul>\n<li>Beratung, Neupflanzung, Pflege<\/li>\n<li>Diagnose und Pflanzenschutz<\/li>\n<\/ul>\n<p>&nbsp;<\/p>\n<h5><strong>Nat\u00fcrliche und k\u00fcnstliche Gew\u00e4sser<\/strong><\/h5>\n<ul>\n<li>Beratung, Neupflanzung, Pflege<\/li>\n<li>Diagnose und Pflanzenschutz<\/li>\n<\/ul>\n<p>&nbsp;<\/p>\n<h5><strong>Zierpflanzenbau, Friedhofsg\u00e4rtnerei, Gem\u00fcsebau<\/strong><\/h5>\n<ul>\n<li>Beratung, Neupflanzung, Pflege<\/li>\n<li>Diagnose und Pflanzenschutz<\/li>\n<\/ul>\n<p>&nbsp;<\/p>\n<h5><strong>Wegefl\u00e4chen, Mauern, Radst\u00e4nde<\/strong><\/h5>\n<ul>\n<li>Beratung, Neuanlagen, Pr\u00fcfungen<\/li>\n<li>\u00c4nderungen und Reparaturen<\/li>\n<\/ul>\n<p>[\/vc_column_text][\/vc_tta_section][vc_tta_section title=&#8220;Gravurservice&#8220; tab_id=&#8220;1584691704590-f7e30b72-7764&#8243;][vc_column_text]<\/p>\n<h3><strong><span style=\"color: #000000;\">Hochwertige Gravurschilder mit einer max. Gravurgr\u00f6\u00dfe von 100 x 100 mm<\/span><\/strong><\/h3>\n<p>&nbsp;<\/p>\n<p><span style=\"color: #000000;\">Mithilfe unserer Gravurmaschine k\u00f6nnen wir Ihnen Schilder aller Art gravieren.<\/span><br \/>\n<span style=\"color: #000000;\">Den Motiven und Materialien sind keine Grenzen gesetzt.<\/span><br \/>\n<span style=\"color: #000000;\">Eine Gravur kann bis zu 3 Farben enthalten.<\/span><\/p>\n<p>&nbsp;<\/p>\n<p><span style=\"color: #000000;\">Um nur ein paar Beispiele zu nennen:<\/span><\/p>\n<ul>\n<li><span style=\"color: #000000;\">Brandschutzt\u00fcre<\/span><\/li>\n<li><span style=\"color: #000000;\">&#8222;Bitte T\u00fcre schlie\u00dfen&#8220;<\/span><\/li>\n<li><span style=\"color: #000000;\">Schl\u00fcsselanh\u00e4nger<\/span><\/li>\n<li><span style=\"color: #000000;\">Beschilderung f\u00fcr Klingel- und Briefkastenanlagen<\/span><\/li>\n<\/ul>\n<p><span style=\"color: #000000;\">Auch Firmenlogos oder Wegweiser einzelner Stockwerke, die in Aufz\u00fcgen zu finden sind, k\u00f6nnen wir gravieren.<\/span><\/p>\n<p>&nbsp;<\/p>\n<p><span style=\"color: #000000;\"><strong>Also einfach alles, was es zu beschriften gibt.<\/strong><\/span><\/p>\n<p>&nbsp;<\/p>\n<p><span style=\"color: #000000;\">Bei Interesse k\u00f6nnen wir Ihnen gerne unsere bereits gravierten Schilder pr\u00e4sentieren.<\/span><br \/>\n<span style=\"color: #000000;\">Zudem haben wir einen Musterkatalog, der alle Materialien und Farbkombinationen umfasst.<\/span>[\/vc_column_text][vc_empty_space][vc_gallery type=&#8220;image_grid&#8220; images=&#8220;1510,1512&#8243;][vc_empty_space][vc_column_text]Nachfolgend ein paar unserer bisherigen Gravuren:[\/vc_column_text][vc_gallery type=&#8220;image_grid&#8220; images=&#8220;1246,1249,1250&#8243;][vc_empty_space][vc_empty_space][\/vc_tta_section][vc_tta_section title=&#8220;Laub- Dachrinnenschutz \/ -reinigung&#8220; tab_id=&#8220;1588072454865-3810ff0c-7357&#8243;][vc_column_text]<\/p>\n<h3><strong>Dachrinnen-Reinigung<\/strong><\/h3>\n<p>&nbsp;<\/p>\n<p>Oftmals kommt es durch herabfallende \u00c4ste, Laub oder sonstigem Schmutz zu Verstopfungen der Dachrinnenabl\u00e4ufe.[\/vc_column_text][vc_gallery type=&#8220;image_grid&#8220; images=&#8220;1273,1272&#8243;][vc_empty_space][vc_column_text]Damit es erst gar nicht so weit kommt, bieten wir den Einbau von Laubschutz an.[\/vc_column_text][vc_gallery type=&#8220;image_grid&#8220; images=&#8220;1275,1276&#8243;][vc_empty_space][vc_column_text]Des Weiteren bieten wir <strong>komplette Dachrinnen-Reinigungen<\/strong>, auch mit Hubsteiger, an.[\/vc_column_text][vc_gallery type=&#8220;image_grid&#8220; images=&#8220;1278,1283,1279,1287,1288&#8243;][vc_empty_space][vc_empty_space][\/vc_tta_section][\/vc_tta_tour][\/vc_column][\/vc_row]<\/p>\n<\/section>","protected":false},"excerpt":{"rendered":"<p>[vc_row][vc_column][vc_empty_space][vc_tta_tour][vc_tta_section title=&#8220;Gartenbau und Landschaftsbau&#8220; tab_id=&#8220;1584691704539-5318e767-98ae&#8220;][vc_column_text] In Zusammenarbeit mit unserem Partnerbetrieb \u201cGartenbau und Baumsachverst\u00e4ndiger Herrlinger\u201d aus Geislingen &#8211; T\u00fcrkheim k\u00f6nnen wir Ihnen folgende Meisterleistungen zus\u00e4tzlich anbieten: &nbsp; &nbsp; &nbsp; Baumpflege Beratung Neupflanzung, Baumkontrolle, Baumgutachten, Baumkataster, Untersuchungen Fachlich richtige Baumpflege nach Baumart und evtl. Sch\u00e4den Ma\u00dfnahmen zur Baum- und Wurzelst\u00e4rkung Pflanzenschutz und F\u00e4llungen &nbsp; Stauden, Geh\u00f6lze und<\/p>\n","protected":false},"author":1,"featured_media":0,"parent":0,"menu_order":0,"comment_status":"closed","ping_status":"closed","template":"","meta":{"_monsterinsights_skip_tracking":false,"_monsterinsights_sitenote_active":false,"_monsterinsights_sitenote_note":"","_monsterinsights_sitenote_category":0,"footnotes":""},"class_list":["post-937","page","type-page","status-publish","hentry"],"_links":{"self":[{"href":"https:\/\/betz-gebaeude-service.de\/index.php\/wp-json\/wp\/v2\/pages\/937","targetHints":{"allow":["GET"]}}],"collection":[{"href":"https:\/\/betz-gebaeude-service.de\/index.php\/wp-json\/wp\/v2\/pages"}],"about":[{"href":"https:\/\/betz-gebaeude-service.de\/index.php\/wp-json\/wp\/v2\/types\/page"}],"author":[{"embeddable":true,"href":"https:\/\/betz-gebaeude-service.de\/index.php\/wp-json\/wp\/v2\/users\/1"}],"replies":[{"embeddable":true,"href":"https:\/\/betz-gebaeude-service.de\/index.php\/wp-json\/wp\/v2\/comments?post=937"}],"version-history":[{"count":54,"href":"https:\/\/betz-gebaeude-service.de\/index.php\/wp-json\/wp\/v2\/pages\/937\/revisions"}],"predecessor-version":[{"id":1626,"href":"https:\/\/betz-gebaeude-service.de\/index.php\/wp-json\/wp\/v2\/pages\/937\/revisions\/1626"}],"wp:attachment":[{"href":"https:\/\/betz-gebaeude-service.de\/index.php\/wp-json\/wp\/v2\/media?parent=937"}],"curies":[{"name":"wp","href":"https:\/\/api.w.org\/{rel}","templated":true}]}}